{"id":4431,"date":"2020-02-06T21:01:51","date_gmt":"2020-02-06T20:01:51","guid":{"rendered":"http:\/\/vedlich.info\/?page_id=4431"},"modified":"2024-02-27T10:24:47","modified_gmt":"2024-02-27T09:24:47","slug":"co-se-podarilo","status":"publish","type":"page","link":"https:\/\/vedlich.info\/?page_id=4431","title":{"rendered":"Co se poda\u0159ilo"},"content":{"rendered":"<p><strong>SEZNAM PROJEKT\u016e<\/strong><\/p>\n<p><strong>V\u00fdb\u011br dokon\u010den\u00fdch projekt\u016f v gesci Jind\u0159icha Vedlicha, n\u00e1m\u011bstka prim\u00e1tora pro rozvoj m\u011bsta:<\/strong><\/p>\n<p>Cyklostezka Slatina \u2013 \u010cernilov po k.\u00fa.<\/p>\n<p>Cyklostezka T\u0159ebe\u0161 \u2013 Vysok\u00e1 nad Labem<\/p>\n<p>Digit\u00e1ln\u00ed planet\u00e1rium komunikace<\/p>\n<p>Dopravn\u00ed h\u0159i\u0161t\u011b v\u010detn\u011b z\u00e1zem\u00ed<\/p>\n<p>Dostavba sportovn\u00ed haly T\u0159ebe\u0161<\/p>\n<p>D\u016fm u \u0160pul\u00e1k\u016f<\/p>\n<p>Hasi\u010dsk\u00e1 zbrojnice B\u0159ezhrad<\/p>\n<p>Hradby rekonstrukce Ji\u017en\u00ed terasy a Terasy pod Kanovnick\u00fdmi domy<\/p>\n<p>H\u0159i\u0161t\u011b Far\u00e1\u0159stv\u00ed<\/p>\n<p>H\u0159i\u0161t\u011b M\u0160 Kukleny<\/p>\n<p>H\u0159i\u0161t\u011b M\u0160 Ploti\u0161t\u011b<\/p>\n<p>H\u0159i\u0161t\u011b Olympia<\/p>\n<p>H\u0159i\u0161t\u011b Sl\u00e1via<\/p>\n<p>H\u0159i\u0161t\u011b Z\u0160 Hor\u00e1kova<\/p>\n<p>Chodn\u00edk a cyklostezka Jana \u010cern\u00e9ho &#8211; 1.etapa\u00a0<\/p>\n<p>Chodn\u00edk Kladsk\u00e1 Librantick\u00e1<\/p>\n<p>Chodn\u00edk Svinary<\/p>\n<p>Klicperovo divadlo renovace foyem<\/p>\n<p>K\u0159i\u017eovatka Koruna a p\u0159ilehl\u00e9 \u00fazem\u00ed<\/p>\n<p>L\u00e1vka pro p\u011b\u0161\u00ed a cyklisty u Zimn\u00edho stadionu<\/p>\n<p>Machkova chodn\u00edk s\u00a0p\u0159echodem<\/p>\n<p>M\u011bstsk\u00e9 l\u00e1zn\u011b \u2013 Slunn\u00e1 lou\u010dka<\/p>\n<p>M\u0160 Kukleny v\u00fdstavba<\/p>\n<p>M\u0160 Ploti\u0161t\u011b &#8211; Sever, d\u011btsk\u00e9 h\u0159i\u0161t\u011b a kanalizace<\/p>\n<p>M\u0160 Podz\u00e1m\u010d\u00ed v\u00fdstavba<\/p>\n<p>M\u0160 Svobodn\u00e9 Dvory<\/p>\n<p>M\u0160 \u00daprkova<\/p>\n<p>Nov\u00e9 M\u011bstsk\u00e9 infocentrum<\/p>\n<p>Opavy \u0161kol v\u00a0majetku m\u011bsta<\/p>\n<p>Oprava budovy Boni Pueri<\/p>\n<p>Oprava budovy Muzea v\u00fdchodn\u00edch \u010cech (n\u00e1rodn\u00ed kulturn\u00ed pam\u00e1tka)<\/p>\n<p>Oprava kostel\u00edku sv. Mikul\u00e1\u0161e v\u00a0Jir\u00e1skov\u00fdch sadech<\/p>\n<p>Park Sklen\u011bnka<\/p>\n<p>Parkovi\u0161t\u011b ulice Form\u00e1nkova<\/p>\n<p>P\u0159echod pro chodce Resslova<\/p>\n<p>P\u0159echody Na Ryb\u00e1rn\u011b a Hrub\u00ednova<\/p>\n<p>P\u0159\u00edstavba objektu v Severn\u00ed ulici pro \u00fa\u010dely Daneta<\/p>\n<p>Regenerace Bene\u0161ovy t\u0159\u00eddy 1. etapa<\/p>\n<p>Rekonstrukce B\u00edl\u00e9 v\u011b\u017ee<\/p>\n<p>Rekonstrukce n\u00e1plavky prav\u00e9ho b\u0159ehu Labe<\/p>\n<p>Rekonstrukce \u0160imkov\u00fdch sad\u016f<\/p>\n<p>Rekonstrukce t\u0159. \u010cSA<\/p>\n<p>Rekonstrukce ulice Uheln\u00e1<\/p>\n<p>Rekonstrukce v\u0161esportovn\u00edho are\u00e1lu Bavlna<\/p>\n<p>Revitalizace tov\u00e1rny Vertex na Centrum celo\u017eivotn\u00edho vzd\u011bl\u00e1v\u00e1n\u00ed<\/p>\n<p>Roz\u0161\u00ed\u0159en\u00ed parkovi\u0161t\u011b kpt. Feuchtnera<\/p>\n<p>Schodi\u0161t\u011b u stanice MHD Ob\u0159\u00ed akv\u00e1rium<\/p>\n<p>Ulice D\u011bdkova, \u0160tolbova, Slune\u010dn\u00e1<\/p>\n<p>Ulice Palack\u00e9ho v\u010d. PD<\/p>\n<p>\u00daprava dopravn\u00edho re\u017eimu Z\u0160 \u0160tefcova<\/p>\n<p>\u00dapravy pro parkov\u00e1n\u00ed ulice Hrub\u00ednova<\/p>\n<p>Vybaven\u00ed s\u00e1lu a prostor Filharmonie Hradec Kr\u00e1lov\u00e9<\/p>\n<p>V\u00fdsadba a \u00fapravy s\u00eddli\u0161tn\u00ed zelen\u011b na Slezsk\u00e9m p\u0159edm\u011bst\u00ed<\/p>\n<p>Z\u0160 Sever roz\u0161\u00ed\u0159en\u00ed h\u0159i\u0161t\u011b a kamerov\u00e9ho syst\u00e9mu<\/p>\n<p>Z\u0160 Svobodn\u00e9 Dvory \u2013 p\u016fdn\u00ed vestavba<\/p>\n<p><strong>A \u0159ada dal\u0161\u00edch \u2026<\/strong><\/p>\n<p><strong>V\u00fdb\u011br p\u0159ipravovan\u00fdch projekt\u016f v gesci Jind\u0159icha Vedlicha, n\u00e1m\u011bstka prim\u00e1tora pro rozvoj m\u011bsta:<\/strong><\/p>\n<p>Asfaltov\u00e1 stezka Zd\u011bn\u00e1 Bouda \u2013 Lesn\u00ed h\u0159bitov<\/p>\n<p>Centrum polytechnick\u00e9ho vzd\u011bl\u00e1v\u00e1n\u00ed<\/p>\n<p>Cyklostezka a komunikace Tesco \u2013 Makro\u00a0<\/p>\n<p>Cyklostezka Mal\u0161ova Lhota \u2013 St\u0159\u00edbrn\u00fd rybn\u00edk<\/p>\n<p>Cyklostezka Piletice \u2013 Pouchov \u2013 Rusek\u00a0\u00a0<\/p>\n<p>Cyklostezka Pl\u00e1cky \u2013 T\u0159ebe\u0161 (pr\u016ftah Labsk\u00e9 cyklostezky m\u011bstem)<\/p>\n<p>Dal\u0161\u00ed roz\u0161\u00ed\u0159en\u00ed bezbari\u00e9rov\u00fdch tras na \u00fazem\u00ed m\u011bsta<\/p>\n<p>D\u016fm pro seniory Ko\u017eelu\u017ena<\/p>\n<p>Nov\u00e9 parky mal\u00e9ho Labsk\u00e9ho n\u00e1honu (Pern\u0161tejn\u016f, S\u00e1dky, Ko\u017eelu\u017ena) (stavebn\u00ed povolen\u00ed)<\/p>\n<p>Odleh\u010dovac\u00ed slu\u017eba Honkova<\/p>\n<p>Osv\u011btlen\u00ed St\u0159\u00edbrn\u00fd rybn\u00edk \u2013 Svinary\u00a0<\/p>\n<p>P\u0159estupn\u00ed uzel Fortna<\/p>\n<p>Rekonstrukce are\u00e1lu Hv\u011bzda<\/p>\n<p>Rekonstrukce Brn\u011bnsk\u00e9 ulice a Svatov\u00e1clavsk\u00e9ho n\u00e1m\u011bst\u00ed<\/p>\n<p>Rekonstrukce budovy Adalbertinum<\/p>\n<p>Rekonstrukce ulic Posp\u00ed\u0161ilova, Pra\u017esk\u00e1, Hlavn\u00ed<\/p>\n<p>Rekonstrukce ulice K Labi a \u010d\u00e1sti ul. Machkova\u00a0<\/p>\n<p>Roz\u0161\u00ed\u0159en\u00ed a obnova Lesn\u00edho h\u0159bitova<\/p>\n<p>Severn\u00ed terasy<\/p>\n<p>Sportovn\u00ed are\u00e1l Svobodn\u00e9 dvory<\/p>\n<p>Stezka k\u00a0Ternu<\/p>\n<p>Vyu\u017eit\u00ed are\u00e1lu Delen v\u00a0Resslov\u011b ulici<\/p>\n<p>Vyu\u017eit\u00ed are\u00e1lu leti\u0161t\u011b (dokon\u010dena studie)<\/p>\n<p><span style=\"color: #ff0000;\"><strong>Hlavn\u011b ITI, dota\u010dn\u00ed program ve spolupr\u00e1ci se sousedn\u00edmi Pardubicemi, des\u00edtky projekt\u016f<\/strong><\/span><\/p>\n<p><strong>A \u0159ada dal\u0161\u00edch \u2026<\/strong><\/p>\n\n\n<p><\/p>\n","protected":false},"excerpt":{"rendered":"<p>SEZNAM PROJEKT\u016e V\u00fdb\u011br dokon\u010den\u00fdch projekt\u016f v gesci Jind\u0159icha Vedlicha, n\u00e1m\u011bstka prim\u00e1tora pro rozvoj m\u011bsta: Cyklostezka Slatina \u2013 \u010cernilov po k.\u00fa. Cyklostezka T\u0159ebe\u0161 \u2013 Vysok\u00e1 nad Labem Digit\u00e1ln\u00ed planet\u00e1rium komunikace Dopravn\u00ed h\u0159i\u0161t\u011b v\u010detn\u011b z\u00e1zem\u00ed Dostavba sportovn\u00ed haly T\u0159ebe\u0161 D\u016fm u \u0160pul\u00e1k\u016f Hasi\u010dsk\u00e1 zbrojnice B\u0159ezhrad Hradby rekonstrukce Ji\u017en\u00ed terasy a Terasy pod Kanovnick\u00fdmi domy H\u0159i\u0161t\u011b Far\u00e1\u0159stv\u00ed H\u0159i\u0161t\u011b [&hellip;]<\/p>\n","protected":false},"author":1,"featured_media":0,"parent":0,"menu_order":0,"comment_status":"closed","ping_status":"closed","template":"","meta":{"_monsterinsights_skip_tracking":false,"_monsterinsights_sitenote_active":false,"_monsterinsights_sitenote_note":"","_monsterinsights_sitenote_category":0,"_uf_show_specific_survey":0,"_uf_disable_surveys":false,"footnotes":""},"class_list":["post-4431","page","type-page","status-publish","hentry"],"aioseo_notices":[],"_links":{"self":[{"href":"https:\/\/vedlich.info\/index.php?rest_route=\/wp\/v2\/pages\/4431","targetHints":{"allow":["GET"]}}],"collection":[{"href":"https:\/\/vedlich.info\/index.php?rest_route=\/wp\/v2\/pages"}],"about":[{"href":"https:\/\/vedlich.info\/index.php?rest_route=\/wp\/v2\/types\/page"}],"author":[{"embeddable":true,"href":"https:\/\/vedlich.info\/index.php?rest_route=\/wp\/v2\/users\/1"}],"replies":[{"embeddable":true,"href":"https:\/\/vedlich.info\/index.php?rest_route=%2Fwp%2Fv2%2Fcomments&post=4431"}],"version-history":[{"count":7,"href":"https:\/\/vedlich.info\/index.php?rest_route=\/wp\/v2\/pages\/4431\/revisions"}],"predecessor-version":[{"id":4723,"href":"https:\/\/vedlich.info\/index.php?rest_route=\/wp\/v2\/pages\/4431\/revisions\/4723"}],"wp:attachment":[{"href":"https:\/\/vedlich.info\/index.php?rest_route=%2Fwp%2Fv2%2Fmedia&parent=4431"}],"curies":[{"name":"wp","href":"https:\/\/api.w.org\/{rel}","templated":true}]}}

Co se podařilo

<p><strong>SEZNAM PROJEKTŮ</strong></p>
<p><strong>Výběr dokončených projektů v gesci Jindřicha Vedlicha, náměstka primátora pro rozvoj města:</strong></p>
<p>Cyklostezka Slatina – Černilov po k.ú.</p>
<p>Cyklostezka Třebeš – Vysoká nad Labem</p>
<p>Digitální planetárium komunikace</p>
<p>Dopravní hřiště včetně zázemí</p>
<p>Dostavba sportovní haly Třebeš</p>
<p>Dům u Špuláků</p>
<p>Hasičská zbrojnice Březhrad</p>
<p>Hradby rekonstrukce Jižní terasy a Terasy pod Kanovnickými domy</p>
<p>Hřiště Farářství</p>
<p>Hřiště MŠ Kukleny</p>
<p>Hřiště MŠ Plotiště</p>
<p>Hřiště Olympia</p>
<p>Hřiště Slávia</p>
<p>Hřiště ZŠ Horákova</p>
<p>Chodník a cyklostezka Jana Černého &#8211; 1.etapa </p>
<p>Chodník Kladská Librantická</p>
<p>Chodník Svinary</p>
<p>Klicperovo divadlo renovace foyem</p>
<p>Křižovatka Koruna a přilehlé území</p>
<p>Lávka pro pěší a cyklisty u Zimního stadionu</p>
<p>Machkova chodník s přechodem</p>
<p>Městské lázně – Slunná loučka</p>
<p>MŠ Kukleny výstavba</p>
<p>MŠ Plotiště &#8211; Sever, dětské hřiště a kanalizace</p>
<p>MŠ Podzámčí výstavba</p>
<p>MŠ Svobodné Dvory</p>
<p>MŠ Úprkova</p>
<p>Nové Městské infocentrum</p>
<p>Opavy škol v majetku města</p>
<p>Oprava budovy Boni Pueri</p>
<p>Oprava budovy Muzea východních Čech (národní kulturní památka)</p>
<p>Oprava kostelíku sv. Mikuláše v Jiráskových sadech</p>
<p>Park Skleněnka</p>
<p>Parkoviště ulice Formánkova</p>
<p>Přechod pro chodce Resslova</p>
<p>Přechody Na Rybárně a Hrubínova</p>
<p>Přístavba objektu v Severní ulici pro účely Daneta</p>
<p>Regenerace Benešovy třídy 1. etapa</p>
<p>Rekonstrukce Bílé věže</p>
<p>Rekonstrukce náplavky pravého břehu Labe</p>
<p>Rekonstrukce Šimkových sadů</p>
<p>Rekonstrukce tř. ČSA</p>
<p>Rekonstrukce ulice Uhelná</p>
<p>Rekonstrukce všesportovního areálu Bavlna</p>
<p>Revitalizace továrny Vertex na Centrum celoživotního vzdělávání</p>
<p>Rozšíření parkoviště kpt. Feuchtnera</p>
<p>Schodiště u stanice MHD Obří akvárium</p>
<p>Ulice Dědkova, Štolbova, Slunečná</p>
<p>Ulice Palackého vč. PD</p>
<p>Úprava dopravního režimu ZŠ Štefcova</p>
<p>Úpravy pro parkování ulice Hrubínova</p>
<p>Vybavení sálu a prostor Filharmonie Hradec Králové</p>
<p>Výsadba a úpravy sídlištní zeleně na Slezském předměstí</p>
<p>ZŠ Sever rozšíření hřiště a kamerového systému</p>
<p>ZŠ Svobodné Dvory – půdní vestavba</p>
<p><strong>A řada dalších …</strong></p>
<p><strong>Výběr připravovaných projektů v gesci Jindřicha Vedlicha, náměstka primátora pro rozvoj města:</strong></p>
<p>Asfaltová stezka Zděná Bouda – Lesní hřbitov</p>
<p>Centrum polytechnického vzdělávání</p>
<p>Cyklostezka a komunikace Tesco – Makro </p>
<p>Cyklostezka Malšova Lhota – Stříbrný rybník</p>
<p>Cyklostezka Piletice – Pouchov – Rusek  </p>
<p>Cyklostezka Plácky – Třebeš (průtah Labské cyklostezky městem)</p>
<p>Další rozšíření bezbariérových tras na území města</p>
<p>Dům pro seniory Koželužna</p>
<p>Nové parky malého Labského náhonu (Pernštejnů, Sádky, Koželužna) (stavební povolení)</p>
<p>Odlehčovací služba Honkova</p>
<p>Osvětlení Stříbrný rybník – Svinary </p>
<p>Přestupní uzel Fortna</p>
<p>Rekonstrukce areálu Hvězda</p>
<p>Rekonstrukce Brněnské ulice a Svatováclavského náměstí</p>
<p>Rekonstrukce budovy Adalbertinum</p>
<p>Rekonstrukce ulic Pospíšilova, Pražská, Hlavní</p>
<p>Rekonstrukce ulice K Labi a části ul. Machkova </p>
<p>Rozšíření a obnova Lesního hřbitova</p>
<p>Severní terasy</p>
<p>Sportovní areál Svobodné dvory</p>
<p>Stezka k Ternu</p>
<p>Využití areálu Delen v Resslově ulici</p>
<p>Využití areálu letiště (dokončena studie)</p>
<p><span style="color: #ff0000;"><strong>Hlavně ITI, dotační program ve spolupráci se sousedními Pardubicemi, desítky projektů</strong></span></p>
<p><strong>A řada dalších …</strong></p>


<p></p>

<p>SEZNAM PROJEKTŮ Výběr dokončených projektů v gesci Jindřicha Vedlicha, náměstka primátora pro rozvoj města: Cyklostezka Slatina – Černilov po k.ú. Cyklostezka Třebeš – Vysoká nad Labem Digitální planetárium komunikace Dopravní hřiště včetně zázemí Dostavba sportovní haly Třebeš Dům u Špuláků Hasičská zbrojnice Březhrad Hradby rekonstrukce Jižní terasy a Terasy pod Kanovnickými domy Hřiště Farářství Hřiště [&hellip;]</p>
